{"id":189,"date":"2014-11-01T19:06:20","date_gmt":"2014-11-01T18:06:20","guid":{"rendered":"http:\/\/inesgilh.com\/?page_id=189"},"modified":"2020-07-02T17:09:56","modified_gmt":"2020-07-02T15:09:56","slug":"fotografia-de-atardecer","status":"publish","type":"page","link":"https:\/\/inesgilh.com\/?page_id=189","title":{"rendered":"El primer beso"},"content":{"rendered":"<p>[et_pb_section fb_built=\u00bb1&#8243; _builder_version=\u00bb4.2.2&#8243; use_background_color_gradient=\u00bbon\u00bb background_color_gradient_start=\u00bb#d67900&#8243; background_color_gradient_end=\u00bb#e80058&#8243; background_color_gradient_direction=\u00bb172deg\u00bb background_color_gradient_start_position=\u00bb35%\u00bb background_enable_image=\u00bboff\u00bb min_height=\u00bb300px\u00bb height=\u00bb300px\u00bb max_height=\u00bb336px\u00bb bottom_divider_style=\u00bbwave2&#8243; bottom_divider_color=\u00bb#ffffff\u00bb][et_pb_row _builder_version=\u00bb4.2.2&#8243; background_size=\u00bbinitial\u00bb background_position=\u00bbtop_left\u00bb background_repeat=\u00bbrepeat\u00bb][et_pb_column type=\u00bb4_4&#8243; _builder_version=\u00bb3.25&#8243; custom_padding=\u00bb|||\u00bb custom_padding__hover=\u00bb|||\u00bb][et_pb_text _builder_version=\u00bb4.1&#8243; text_font=\u00bbCaveat||||||||\u00bb text_text_color=\u00bb#ffffff\u00bb text_font_size=\u00bb49px\u00bb background_size=\u00bbinitial\u00bb background_position=\u00bbtop_left\u00bb background_repeat=\u00bbrepeat\u00bb text_orientation=\u00bbcenter\u00bb text_text_shadow_style=\u00bbpreset1&#8243;]<\/p>\n<p style=\"text-align: center;\">El primer beso<\/p>\n<p>[\/et_pb_text][et_pb_text _builder_version=\u00bb4.2.2&#8243; text_font=\u00bbCaveat||||||||\u00bb text_text_color=\u00bb#ffffff\u00bb text_font_size=\u00bb27px\u00bb transform_translate=\u00bb0px|16px\u00bb transform_translate_linked=\u00bboff\u00bb text_text_shadow_style=\u00bbpreset1&#8243;]<\/p>\n<p style=\"text-align: center;\">La magia de la luz y el color al atardecer<\/p>\n<p>[\/et_pb_text][\/et_pb_column][\/et_pb_row][\/et_pb_section][et_pb_section fb_built=\u00bb1&#8243; _builder_version=\u00bb4.1&#8243; background_color=\u00bb#ffffff\u00bb background_enable_image=\u00bboff\u00bb custom_padding=\u00bb||0px|||\u00bb][et_pb_row _builder_version=\u00bb4.1&#8243; transform_translate=\u00bb0px|-44px\u00bb transform_translate_linked=\u00bboff\u00bb][et_pb_column type=\u00bb4_4&#8243; _builder_version=\u00bb4.1&#8243;][et_pb_text _builder_version=\u00bb4.1&#8243; text_font_size=\u00bb17px\u00bb text_letter_spacing=\u00bb2px\u00bb inline_fonts=\u00bbABeeZee\u00bb]<\/p>\n<p style=\"text-align: center;\"><span style=\"font-family: ABeeZee; font-size: large;\">Cuando el d\u00eda y la noche flirtean,\u00a0la magia del color sale a su encuentro.<\/span><\/p>\n<p style=\"text-align: center;\"><span style=\"font-family: ABeeZee; font-size: large;\">Rojos, naranjas, magentas y amarillos<\/span><\/p>\n<p style=\"text-align: center;\"><span style=\"font-family: ABeeZee; font-size: large;\">bailan con azules, cianes y violetas<\/span><\/p>\n<p style=\"text-align: center;\"><span style=\"font-family: ABeeZee; font-size: large;\">celebrando, igual que un primer beso,\u00a0<\/span><\/p>\n<p style=\"text-align: center;\"><span style=\"font-family: ABeeZee; font-size: large;\">ese encuentro m\u00e1gico, \u00fanico e\u00a0irrepetible.<\/span><\/p>\n<p>[\/et_pb_text][\/et_pb_column][\/et_pb_row][\/et_pb_section][et_pb_section fb_built=\u00bb1&#8243; _builder_version=\u00bb4.4.8&#8243; background_color=\u00bb#ffffff\u00bb background_enable_image=\u00bboff\u00bb transform_translate=\u00bb0px|-61px\u00bb transform_translate_linked=\u00bboff\u00bb hover_enabled=\u00bb0&#8243;][et_pb_row use_custom_gutter=\u00bbon\u00bb gutter_width=\u00bb1&#8243; make_equal=\u00bbon\u00bb _builder_version=\u00bb4.4.8&#8243; transform_scale_linked=\u00bboff\u00bb transform_translate=\u00bb0px|-30px\u00bb transform_translate_linked=\u00bboff\u00bb width=\u00bb100%\u00bb module_alignment=\u00bbcenter\u00bb hover_enabled=\u00bb0&#8243;][et_pb_column type=\u00bb4_4&#8243; _builder_version=\u00bb4.2.2&#8243;][et_pb_gallery gallery_ids=\u00bb1258,1255,1256,1249,1251,1252,1259,1248,1253,1250,1247,1254&#8243; posts_number=\u00bb12&#8243; orientation=\u00bbportrait\u00bb show_title_and_caption=\u00bboff\u00bb show_pagination=\u00bboff\u00bb zoom_icon_color=\u00bbrgba(255,255,255,0.34)\u00bb hover_overlay_color=\u00bbrgba(242,113,0,0.42)\u00bb hover_icon=\u00bb%%52%%\u00bb _builder_version=\u00bb4.2.2&#8243; overflow-x=\u00bbvisible\u00bb overflow-y=\u00bbvisible\u00bb custom_css_gallery_item=\u00bbmargin: 0 !important;||width: 25% !important;||clear: none !important;\u00bb border_width_all=\u00bb10px\u00bb border_color_all=\u00bb#ffffff\u00bb box_shadow_style_image=\u00bbpreset2&#8243; box_shadow_blur_image=\u00bb6px\u00bb box_shadow_spread_image=\u00bb-3px\u00bb][\/et_pb_gallery][\/et_pb_column][\/et_pb_row][\/et_pb_section]<\/p>\n","protected":false},"excerpt":{"rendered":"<p>[et_pb_section fb_built=\u00bb1&#8243; _builder_version=\u00bb4.2.2&#8243; use_background_color_gradient=\u00bbon\u00bb background_color_gradient_start=\u00bb#d67900&#8243; background_color_gradient_end=\u00bb#e80058&#8243; background_color_gradient_direction=\u00bb172deg\u00bb background_color_gradient_start_position=\u00bb35%\u00bb background_enable_image=\u00bboff\u00bb min_height=\u00bb300px\u00bb height=\u00bb300px\u00bb max_height=\u00bb336px\u00bb bottom_divider_style=\u00bbwave2&#8243; bottom_divider_color=\u00bb#ffffff\u00bb][et_pb_row _builder_version=\u00bb4.2.2&#8243; background_size=\u00bbinitial\u00bb background_position=\u00bbtop_left\u00bb background_repeat=\u00bbrepeat\u00bb][et_pb_column type=\u00bb4_4&#8243; _builder_version=\u00bb3.25&#8243; custom_padding=\u00bb|||\u00bb custom_padding__hover=\u00bb|||\u00bb][et_pb_text _builder_version=\u00bb4.1&#8243; text_font=\u00bbCaveat||||||||\u00bb text_text_color=\u00bb#ffffff\u00bb text_font_size=\u00bb49px\u00bb background_size=\u00bbinitial\u00bb background_position=\u00bbtop_left\u00bb background_repeat=\u00bbrepeat\u00bb text_orientation=\u00bbcenter\u00bb text_text_shadow_style=\u00bbpreset1&#8243;] El primer beso [\/et_pb_text][et_pb_text _builder_version=\u00bb4.2.2&#8243; text_font=\u00bbCaveat||||||||\u00bb text_text_color=\u00bb#ffffff\u00bb text_font_size=\u00bb27px\u00bb transform_translate=\u00bb0px|16px\u00bb transform_translate_linked=\u00bboff\u00bb text_text_shadow_style=\u00bbpreset1&#8243;] La magia de la luz y el color al atardecer [\/et_pb_text][\/et_pb_column][\/et_pb_row][\/et_pb_section][et_pb_section fb_built=\u00bb1&#8243; _builder_version=\u00bb4.1&#8243; [&hellip;]<\/p>\n","protected":false},"author":1,"featured_media":0,"parent":0,"menu_order":0,"comment_status":"closed","ping_status":"closed","template":"","meta":{"_et_pb_use_builder":"on","_et_pb_old_content":"<p style=\"text-align: center;\">Cuando el d\u00eda y la noche flirtean, la magia del color sale a su encuentro.<\/p>\n<p style=\"text-align: center;\">Rojos, naranjas, magentas y amarillos bailan con azules, cianes y violetas<\/p>\n<p style=\"text-align: center;\">celebrando, igual que un primer beso,&nbsp; ese encuentro m\u00e1gico, \u00fanico e<\/p>\n<p style=\"text-align: center;\">irrepetible.<\/p>\n<p style=\"text-align: center;\"><\/p>\n[Best_Wordpress_Gallery id=\"25\" gal_title=\"El primer beso\"]","_et_gb_content_width":"","footnotes":""},"class_list":["post-189","page","type-page","status-publish","hentry"],"yoast_head":"<!-- This site is optimized with the Yoast SEO plugin v27.5 - https:\/\/yoast.com\/product\/yoast-seo-wordpress\/ -->\n<title>Fotograf\u00eda de atardecer - Fotograf\u00eda de autor- In\u00e9s Gil H<\/title>\n<meta name=\"description\" content=\"Fotograf\u00eda de atardecer: cuando el d\u00eda y la noche flirtean, la magia del color sale a su encuentro. Rojos, naranjas, magentas y amarillos bailan con...\" \/>\n<meta name=\"robots\" content=\"index, follow, max-snippet:-1, max-image-preview:large, max-video-preview:-1\" \/>\n<link rel=\"canonical\" href=\"https:\/\/inesgilh.com\/?page_id=189\" \/>\n<meta property=\"og:locale\" content=\"es_ES\" \/>\n<meta property=\"og:type\" content=\"article\" \/>\n<meta property=\"og:title\" content=\"Fotograf\u00eda de atardecer - Fotograf\u00eda de autor- In\u00e9s Gil H\" \/>\n<meta property=\"og:description\" content=\"Fotograf\u00eda de atardecer: cuando el d\u00eda y la noche flirtean, la magia del color sale a su encuentro. Rojos, naranjas, magentas y amarillos bailan con...\" \/>\n<meta property=\"og:url\" content=\"https:\/\/inesgilh.com\/?page_id=189\" \/>\n<meta property=\"og:site_name\" content=\"FOTOEXPRESIONES\" \/>\n<meta property=\"article:publisher\" content=\"https:\/\/www.facebook.com\/fotoxpresiones\/\" \/>\n<meta property=\"article:modified_time\" content=\"2020-07-02T15:09:56+00:00\" \/>\n<meta name=\"twitter:label1\" content=\"Tiempo de lectura\" \/>\n\t<meta name=\"twitter:data1\" content=\"2 minutos\" \/>\n<script type=\"application\/ld+json\" class=\"yoast-schema-graph\">{\"@context\":\"https:\\\/\\\/schema.org\",\"@graph\":[{\"@type\":\"WebPage\",\"@id\":\"https:\\\/\\\/inesgilh.com\\\/?page_id=189\",\"url\":\"https:\\\/\\\/inesgilh.com\\\/?page_id=189\",\"name\":\"Fotograf\u00eda de atardecer - Fotograf\u00eda de autor- In\u00e9s Gil H\",\"isPartOf\":{\"@id\":\"https:\\\/\\\/inesgilh.com\\\/#website\"},\"datePublished\":\"2014-11-01T18:06:20+00:00\",\"dateModified\":\"2020-07-02T15:09:56+00:00\",\"description\":\"Fotograf\u00eda de atardecer: cuando el d\u00eda y la noche flirtean, la magia del color sale a su encuentro. Rojos, naranjas, magentas y amarillos bailan con...\",\"breadcrumb\":{\"@id\":\"https:\\\/\\\/inesgilh.com\\\/?page_id=189#breadcrumb\"},\"inLanguage\":\"es\",\"potentialAction\":[{\"@type\":\"ReadAction\",\"target\":[\"https:\\\/\\\/inesgilh.com\\\/?page_id=189\"]}]},{\"@type\":\"BreadcrumbList\",\"@id\":\"https:\\\/\\\/inesgilh.com\\\/?page_id=189#breadcrumb\",\"itemListElement\":[{\"@type\":\"ListItem\",\"position\":1,\"name\":\"Portada\",\"item\":\"https:\\\/\\\/inesgilh.com\\\/\"},{\"@type\":\"ListItem\",\"position\":2,\"name\":\"El primer beso\"}]},{\"@type\":\"WebSite\",\"@id\":\"https:\\\/\\\/inesgilh.com\\\/#website\",\"url\":\"https:\\\/\\\/inesgilh.com\\\/\",\"name\":\"FOTOEXPRESIONES\",\"description\":\"In\u00e9s Gil Herrera -  Fotograf\u00eda\",\"potentialAction\":[{\"@type\":\"SearchAction\",\"target\":{\"@type\":\"EntryPoint\",\"urlTemplate\":\"https:\\\/\\\/inesgilh.com\\\/?s={search_term_string}\"},\"query-input\":{\"@type\":\"PropertyValueSpecification\",\"valueRequired\":true,\"valueName\":\"search_term_string\"}}],\"inLanguage\":\"es\"}]}<\/script>\n<!-- \/ Yoast SEO plugin. -->","yoast_head_json":{"title":"Fotograf\u00eda de atardecer - Fotograf\u00eda de autor- In\u00e9s Gil H","description":"Fotograf\u00eda de atardecer: cuando el d\u00eda y la noche flirtean, la magia del color sale a su encuentro. Rojos, naranjas, magentas y amarillos bailan con...","robots":{"index":"index","follow":"follow","max-snippet":"max-snippet:-1","max-image-preview":"max-image-preview:large","max-video-preview":"max-video-preview:-1"},"canonical":"https:\/\/inesgilh.com\/?page_id=189","og_locale":"es_ES","og_type":"article","og_title":"Fotograf\u00eda de atardecer - Fotograf\u00eda de autor- In\u00e9s Gil H","og_description":"Fotograf\u00eda de atardecer: cuando el d\u00eda y la noche flirtean, la magia del color sale a su encuentro. Rojos, naranjas, magentas y amarillos bailan con...","og_url":"https:\/\/inesgilh.com\/?page_id=189","og_site_name":"FOTOEXPRESIONES","article_publisher":"https:\/\/www.facebook.com\/fotoxpresiones\/","article_modified_time":"2020-07-02T15:09:56+00:00","twitter_misc":{"Tiempo de lectura":"2 minutos"},"schema":{"@context":"https:\/\/schema.org","@graph":[{"@type":"WebPage","@id":"https:\/\/inesgilh.com\/?page_id=189","url":"https:\/\/inesgilh.com\/?page_id=189","name":"Fotograf\u00eda de atardecer - Fotograf\u00eda de autor- In\u00e9s Gil H","isPartOf":{"@id":"https:\/\/inesgilh.com\/#website"},"datePublished":"2014-11-01T18:06:20+00:00","dateModified":"2020-07-02T15:09:56+00:00","description":"Fotograf\u00eda de atardecer: cuando el d\u00eda y la noche flirtean, la magia del color sale a su encuentro. Rojos, naranjas, magentas y amarillos bailan con...","breadcrumb":{"@id":"https:\/\/inesgilh.com\/?page_id=189#breadcrumb"},"inLanguage":"es","potentialAction":[{"@type":"ReadAction","target":["https:\/\/inesgilh.com\/?page_id=189"]}]},{"@type":"BreadcrumbList","@id":"https:\/\/inesgilh.com\/?page_id=189#breadcrumb","itemListElement":[{"@type":"ListItem","position":1,"name":"Portada","item":"https:\/\/inesgilh.com\/"},{"@type":"ListItem","position":2,"name":"El primer beso"}]},{"@type":"WebSite","@id":"https:\/\/inesgilh.com\/#website","url":"https:\/\/inesgilh.com\/","name":"FOTOEXPRESIONES","description":"In\u00e9s Gil Herrera -  Fotograf\u00eda","potentialAction":[{"@type":"SearchAction","target":{"@type":"EntryPoint","urlTemplate":"https:\/\/inesgilh.com\/?s={search_term_string}"},"query-input":{"@type":"PropertyValueSpecification","valueRequired":true,"valueName":"search_term_string"}}],"inLanguage":"es"}]}},"_links":{"self":[{"href":"https:\/\/inesgilh.com\/index.php?rest_route=\/wp\/v2\/pages\/189","targetHints":{"allow":["GET"]}}],"collection":[{"href":"https:\/\/inesgilh.com\/index.php?rest_route=\/wp\/v2\/pages"}],"about":[{"href":"https:\/\/inesgilh.com\/index.php?rest_route=\/wp\/v2\/types\/page"}],"author":[{"embeddable":true,"href":"https:\/\/inesgilh.com\/index.php?rest_route=\/wp\/v2\/users\/1"}],"replies":[{"embeddable":true,"href":"https:\/\/inesgilh.com\/index.php?rest_route=%2Fwp%2Fv2%2Fcomments&post=189"}],"version-history":[{"count":25,"href":"https:\/\/inesgilh.com\/index.php?rest_route=\/wp\/v2\/pages\/189\/revisions"}],"predecessor-version":[{"id":1442,"href":"https:\/\/inesgilh.com\/index.php?rest_route=\/wp\/v2\/pages\/189\/revisions\/1442"}],"wp:attachment":[{"href":"https:\/\/inesgilh.com\/index.php?rest_route=%2Fwp%2Fv2%2Fmedia&parent=189"}],"curies":[{"name":"wp","href":"https:\/\/api.w.org\/{rel}","templated":true}]}}